{"id":656,"date":"2019-01-15T15:50:08","date_gmt":"2019-01-15T15:50:08","guid":{"rendered":"http:\/\/www.movimentobloom.org.pt\/pt\/?page_id=656"},"modified":"2022-01-24T19:12:12","modified_gmt":"2022-01-24T19:12:12","slug":"manifesto","status":"publish","type":"page","link":"https:\/\/www.movimentobloom.org.pt\/pt\/manifesto\/","title":{"rendered":"Manifesto"},"content":{"rendered":"\n<p><strong><meta charset=\"utf-8\">\u2022\u00a0<\/strong>Calcula-se que a \u00e1rea para brincar de uma crian\u00e7a de 9 anos \u2013 o raio \u00e0 volta de casa onde as crian\u00e7as podem andar sozinhas\u00a0 &#8211;\u00a0 diminuiu para 1\/9 do que era em 1970.<\/p>\n\n\n\n<p>\u2022\u00a0Atualmente a educa\u00e7\u00e3o ambiental\u00a0 assenta num pressuposto te\u00f3rico e racional que associa a consci\u00eancia ambiental a um pacote de objetivos a atingir, atribuindo \u00e0 crian\u00e7a a responsabilidade de resolver o legado catastr\u00f3fico das gera\u00e7\u00f5es que a\u00a0 antecederam.<\/p>\n\n\n\n<p>\u2022\u00a0H\u00e1 menos Natureza dispon\u00edvel. Desde 2004 esp\u00e9cies como o tordo e a cotovia foram consideradas extintas. Desapareceram 1\/3 das mariposas desde 1968 e a maior parte dos abelh\u00f5es s\u00e3o cada vez mais raros. A causa \u00faltima \u00e9 o nosso afastamento da Natureza.<\/p>\n\n\n\n<p>\u2022\u00a0Hoje as crian\u00e7as est\u00e3o cada vez mais longe da Natureza. O contacto mais pr\u00f3ximo que algumas crian\u00e7as, e mesmo as fam\u00edlias, t\u00eam com a natureza limita-se a ver a paisagem atrav\u00e9s da janela do carro, num jogo de computadores ou num programa de televis\u00e3o sobre hist\u00f3ria natural.<\/p>\n\n\n\n<p>\u2022 A nossa depend\u00eancia dos carros e o boom do entretenimento electr\u00f3nico amarra as crian\u00e7as a casa, aumentando a obesidade e o stress.<\/p>\n\n\n\n<p>\u2022\u00a0Muitas escolas j\u00e1 n\u00e3o fazem visitas ao campo, por medo dos \u201criscos\u201d, ou aulas pr\u00e1ticas e ao ar livre sobre Natureza\u00a0 simplesmente porque n\u00e3o s\u00e3o valorizadas em termos de curriculum.<\/p>\n\n\n\n<p>\u2022\u00a08 em cada 10 pais acha que o mundo se tornou mais\u00a0 perigoso e por isso n\u00e3o deixam os filhos explorar a sua \u00e1rea de resid\u00eancia. Mesmo quando h\u00e1 por perto um riacho que pode ter r\u00e3s ou algum esconderijo habitado por uma esp\u00e9cie local, raramente s\u00e3o as crian\u00e7as a descobri-lo por si pr\u00f3prias.<\/p>\n\n\n\n<p>\u2022\u00a0As crian\u00e7as adoram a rua, o ar livre, brincar no jardim e estes sem elas esmoreceriam por falta de risos e alegria. Sabemos que para uma viv\u00eancia saud\u00e1vel dependemos do contacto com a terra, com as \u00e1rvores, com a Natureza!<\/p>\n","protected":false},"excerpt":{"rendered":"<p>\u2022\u00a0Calcula-se que a \u00e1rea para brincar de uma crian\u00e7a de 9 anos \u2013 o raio \u00e0 volta de casa onde as crian\u00e7as podem andar sozinhas\u00a0 &#8211;\u00a0 diminuiu para 1\/9 do que era em 1970. \u2022\u00a0Atualmente a educa\u00e7\u00e3o ambiental\u00a0 assenta num pressuposto te\u00f3rico e racional que associa a consci\u00eancia ambiental a um pacote de objetivos a <a href=\"https:\/\/www.movimentobloom.org.pt\/pt\/manifesto\/\" class=\"read-more\">Continue Reading<i class=\"ion-ios-arrow-right\"><\/i><\/a><\/p>\n","protected":false},"author":1,"featured_media":0,"parent":0,"menu_order":0,"comment_status":"closed","ping_status":"closed","template":"","meta":{"footnotes":""},"class_list":["post-656","page","type-page","status-publish","hentry"],"_links":{"self":[{"href":"https:\/\/www.movimentobloom.org.pt\/pt\/wp-json\/wp\/v2\/pages\/656","targetHints":{"allow":["GET"]}}],"collection":[{"href":"https:\/\/www.movimentobloom.org.pt\/pt\/wp-json\/wp\/v2\/pages"}],"about":[{"href":"https:\/\/www.movimentobloom.org.pt\/pt\/wp-json\/wp\/v2\/types\/page"}],"author":[{"embeddable":true,"href":"https:\/\/www.movimentobloom.org.pt\/pt\/wp-json\/wp\/v2\/users\/1"}],"replies":[{"embeddable":true,"href":"https:\/\/www.movimentobloom.org.pt\/pt\/wp-json\/wp\/v2\/comments?post=656"}],"version-history":[{"count":44,"href":"https:\/\/www.movimentobloom.org.pt\/pt\/wp-json\/wp\/v2\/pages\/656\/revisions"}],"predecessor-version":[{"id":1807,"href":"https:\/\/www.movimentobloom.org.pt\/pt\/wp-json\/wp\/v2\/pages\/656\/revisions\/1807"}],"wp:attachment":[{"href":"https:\/\/www.movimentobloom.org.pt\/pt\/wp-json\/wp\/v2\/media?parent=656"}],"curies":[{"name":"wp","href":"https:\/\/api.w.org\/{rel}","templated":true}]}}

<p><strong><meta charset="utf-8">• </strong>Calcula-se que a área para brincar de uma criança de 9 anos – o raio à volta de casa onde as crianças podem andar sozinhas  &#8211;  diminuiu para 1/9 do que era em 1970.</p>



<p>• Atualmente a educação ambiental  assenta num pressuposto teórico e racional que associa a consciência ambiental a um pacote de objetivos a atingir, atribuindo à criança a responsabilidade de resolver o legado catastrófico das gerações que a  antecederam.</p>



<p>• Há menos Natureza disponível. Desde 2004 espécies como o tordo e a cotovia foram consideradas extintas. Desapareceram 1/3 das mariposas desde 1968 e a maior parte dos abelhões são cada vez mais raros. A causa última é o nosso afastamento da Natureza.</p>



<p>• Hoje as crianças estão cada vez mais longe da Natureza. O contacto mais próximo que algumas crianças, e mesmo as famílias, têm com a natureza limita-se a ver a paisagem através da janela do carro, num jogo de computadores ou num programa de televisão sobre história natural.</p>



<p>• A nossa dependência dos carros e o boom do entretenimento electrónico amarra as crianças a casa, aumentando a obesidade e o stress.</p>



<p>• Muitas escolas já não fazem visitas ao campo, por medo dos “riscos”, ou aulas práticas e ao ar livre sobre Natureza  simplesmente porque não são valorizadas em termos de curriculum.</p>



<p>• 8 em cada 10 pais acha que o mundo se tornou mais  perigoso e por isso não deixam os filhos explorar a sua área de residência. Mesmo quando há por perto um riacho que pode ter rãs ou algum esconderijo habitado por uma espécie local, raramente são as crianças a descobri-lo por si próprias.</p>



<p>• As crianças adoram a rua, o ar livre, brincar no jardim e estes sem elas esmoreceriam por falta de risos e alegria. Sabemos que para uma vivência saudável dependemos do contacto com a terra, com as árvores, com a Natureza!</p>

<p>• Calcula-se que a área para brincar de uma criança de 9 anos – o raio à volta de casa onde as crianças podem andar sozinhas  &#8211;  diminuiu para 1/9 do que era em 1970. • Atualmente a educação ambiental  assenta num pressuposto teórico e racional que associa a consciência ambiental a um pacote de objetivos a <a href="https://www.movimentobloom.org.pt/pt/manifesto/" class="read-more">Continue Reading<i class="ion-ios-arrow-right"></i></a></p>
