{"id":511,"date":"2019-01-10T15:29:58","date_gmt":"2019-01-10T15:29:58","guid":{"rendered":"http:\/\/www.movimentobloom.org.pt\/pt\/?page_id=511"},"modified":"2020-06-25T22:24:44","modified_gmt":"2020-06-25T22:24:44","slug":"principios","status":"publish","type":"page","link":"https:\/\/www.movimentobloom.org.pt\/pt\/principios\/","title":{"rendered":"Princ\u00edpios"},"content":{"rendered":"\n<p><strong>Princ\u00edpio\u00a01:<\/strong><br>Escola da Floresta Bloom \u00e9 um programa de longa dura\u00e7\u00e3o, com sess\u00f5es frequentes e regulares, num contexto de natureza, mata ou floresta, e n\u00e3o uma visita espor\u00e1dica.<br>Planeamento, adapta\u00e7\u00e3o, observa\u00e7\u00e3o e avalia\u00e7\u00e3o, s\u00e3o etapas fundamentais do programa.<br> <br><strong>Princ\u00edpio\u00a02:\u00a0<\/strong><br>O programa\u00a0Escola da Floresta Bloom ocorre\u00a0numa\u00a0mata, floresta\u00a0ou\u00a0num local arborizado de\u00a0modo\u00a0a\u00a0promover\u00a0o desenvolvimento de\u00a0uma rela\u00e7\u00e3o\u00a0entre a crian\u00e7a\u00a0e o\u00a0mundo\u00a0natural.<br> <br><strong>Princ\u00edpio\u00a03:\u00a0<\/strong><br>Escola da Floresta Bloom tem a inten\u00e7\u00e3o de promover o desenvolvimento hol\u00edstico de todos os envolvidos, fomentando nas crian\u00e7as e jovens resili\u00eancia, confian\u00e7a, independ\u00eancia e criatividade.<br> <br><strong>Princ\u00edpio 4:\u00a0<\/strong><br>Escola da Floresta Bloom oferece a oportunidade de assumir riscos com suporte, apropriados ao ambiente e \u00e0s compet\u00eancias e capacidades de cada crian\u00e7a.<br> <br><strong>Princ\u00edpio\u00a05:\u00a0<\/strong><br>O programa Escola da Floresta Bloom \u00e9 implementado por profissionais qualificados como <em>Forest School Leader<\/em> (n\u00edvel III e n\u00edvel II) pela <a href=\"http:\/\/www.greenbow.co.uk\">Organiza\u00e7\u00e3o GreenBow International<\/a><br> <br><strong>Princ\u00edpio\u00a06:<\/strong>\u00a0<br>Escola da Floresta Bloom\u00a0usa\u00a0um\u00a0leque\u00a0de\u00a0processos\u00a0de\u00a0aprendizagem\u00a0centrados\u00a0na\u00a0crian\u00e7a.<br><\/p>\n","protected":false},"excerpt":{"rendered":"<p>Princ\u00edpio\u00a01:Escola da Floresta Bloom \u00e9 um programa de longa dura\u00e7\u00e3o, com sess\u00f5es frequentes e regulares, num contexto de natureza, mata ou floresta, e n\u00e3o uma visita espor\u00e1dica.Planeamento, adapta\u00e7\u00e3o, observa\u00e7\u00e3o e avalia\u00e7\u00e3o, s\u00e3o etapas fundamentais do programa. Princ\u00edpio\u00a02:\u00a0O programa\u00a0Escola da Floresta Bloom ocorre\u00a0numa\u00a0mata, floresta\u00a0ou\u00a0num local arborizado de\u00a0modo\u00a0a\u00a0promover\u00a0o desenvolvimento de\u00a0uma rela\u00e7\u00e3o\u00a0entre a crian\u00e7a\u00a0e o\u00a0mundo\u00a0natural. Princ\u00edpio\u00a03:\u00a0Escola da Floresta <a href=\"https:\/\/www.movimentobloom.org.pt\/pt\/principios\/\" class=\"read-more\">Continue Reading<i class=\"ion-ios-arrow-right\"><\/i><\/a><\/p>\n","protected":false},"author":1,"featured_media":330,"parent":0,"menu_order":0,"comment_status":"closed","ping_status":"closed","template":"","meta":{"footnotes":""},"class_list":["post-511","page","type-page","status-publish","has-post-thumbnail","hentry"],"_links":{"self":[{"href":"https:\/\/www.movimentobloom.org.pt\/pt\/wp-json\/wp\/v2\/pages\/511","targetHints":{"allow":["GET"]}}],"collection":[{"href":"https:\/\/www.movimentobloom.org.pt\/pt\/wp-json\/wp\/v2\/pages"}],"about":[{"href":"https:\/\/www.movimentobloom.org.pt\/pt\/wp-json\/wp\/v2\/types\/page"}],"author":[{"embeddable":true,"href":"https:\/\/www.movimentobloom.org.pt\/pt\/wp-json\/wp\/v2\/users\/1"}],"replies":[{"embeddable":true,"href":"https:\/\/www.movimentobloom.org.pt\/pt\/wp-json\/wp\/v2\/comments?post=511"}],"version-history":[{"count":26,"href":"https:\/\/www.movimentobloom.org.pt\/pt\/wp-json\/wp\/v2\/pages\/511\/revisions"}],"predecessor-version":[{"id":1420,"href":"https:\/\/www.movimentobloom.org.pt\/pt\/wp-json\/wp\/v2\/pages\/511\/revisions\/1420"}],"wp:featuredmedia":[{"embeddable":true,"href":"https:\/\/www.movimentobloom.org.pt\/pt\/wp-json\/wp\/v2\/media\/330"}],"wp:attachment":[{"href":"https:\/\/www.movimentobloom.org.pt\/pt\/wp-json\/wp\/v2\/media?parent=511"}],"curies":[{"name":"wp","href":"https:\/\/api.w.org\/{rel}","templated":true}]}}

Princípios

<p><strong>Princípio 1:</strong><br>Escola da Floresta Bloom é um programa de longa duração, com sessões frequentes e regulares, num contexto de natureza, mata ou floresta, e não uma visita esporádica.<br>Planeamento, adaptação, observação e avaliação, são etapas fundamentais do programa.<br> <br><strong>Princípio 2: </strong><br>O programa Escola da Floresta Bloom ocorre numa mata, floresta ou num local arborizado de modo a promover o desenvolvimento de uma relação entre a criança e o mundo natural.<br> <br><strong>Princípio 3: </strong><br>Escola da Floresta Bloom tem a intenção de promover o desenvolvimento holístico de todos os envolvidos, fomentando nas crianças e jovens resiliência, confiança, independência e criatividade.<br> <br><strong>Princípio 4: </strong><br>Escola da Floresta Bloom oferece a oportunidade de assumir riscos com suporte, apropriados ao ambiente e às competências e capacidades de cada criança.<br> <br><strong>Princípio 5: </strong><br>O programa Escola da Floresta Bloom é implementado por profissionais qualificados como <em>Forest School Leader</em> (nível III e nível II) pela <a href="http://www.greenbow.co.uk">Organização GreenBow International</a><br> <br><strong>Princípio 6:</strong> <br>Escola da Floresta Bloom usa um leque de processos de aprendizagem centrados na criança.<br></p>

<p>Princípio 1:Escola da Floresta Bloom é um programa de longa duração, com sessões frequentes e regulares, num contexto de natureza, mata ou floresta, e não uma visita esporádica.Planeamento, adaptação, observação e avaliação, são etapas fundamentais do programa. Princípio 2: O programa Escola da Floresta Bloom ocorre numa mata, floresta ou num local arborizado de modo a promover o desenvolvimento de uma relação entre a criança e o mundo natural. Princípio 3: Escola da Floresta <a href="https://www.movimentobloom.org.pt/pt/principios/" class="read-more">Continue Reading<i class="ion-ios-arrow-right"></i></a></p>
